d 211525?
25
What is the highest common divisor of 10 and 1007815?
5
Calculate the highest common divisor of 20420449 and 371.
7
Calculate the greatest common divisor of 290666866 and 14.
14
What is the greatest common divisor of 1160038 and 23584?
1474
Calculate the highest common divisor of 25094619 and 99.
99
What is the greatest common divisor of 37851 and 25604481?
3441
What is the greatest common divisor of 2109725 and 175?
25
What is the greatest common divisor of 2615015872 and 448?
448
What is the greatest common divisor of 14515088 and 504?
56
Calculate the highest common divisor of 2156784 and 23187.
393
What is the highest common divisor of 147868116 and 2259?
753
What is the greatest common divisor of 5523462 and 1764?
126
What is the highest common factor of 4437 and 188057502?
153
Calculate the greatest common divisor of 1660 and 26418900.
1660
Calculate the greatest common divisor of 2193 and 53869583.
731
What is the highest common factor of 141020 and 5379272?
2564
Calculate the greatest common factor of 1005333 and 350743.
977
What is the greatest common divisor of 184 and 1920768?
8
What is the highest common factor of 4377 and 377835771?
4377
Calculate the highest common divisor of 2897306967 and 373.
373
Calculate the highest common factor of 2179971 and 1441.
131
Calculate the highest common factor of 72424 and 671548248.
6584
Calculate the highest common divisor of 5185 and 21612605.
305
Calculate the highest common factor of 21148225 and 175.
175
Calculate the greatest common factor of 945 and 53281557.
189
What is the highest common divisor of 57257480 and 5880?
1960
What is the highest common divisor of 23348 and 12765519?
5837
Calculate the highest common divisor of 43959859 and 445.
89
Calculate the greatest common divisor of 41237 and 1096.
137
What is the highest common divisor of 4425 and 1948900?
25
Calculate the greatest common factor of 345 and 1351605.
15
Calculate the greatest common divisor of 92483145 and 153.
153
What is the greatest common divisor of 376 and 4614037?
47
Calculate the greatest common divisor of 261 and 73818717.
87
What is the greatest common divisor of 208403 and 18710523?
5083
Calculate the greatest common divisor of 4173 and 3018363.
321
What is the greatest common factor of 806 and 19343566?
62
Calculate the highest common factor of 107307640 and 145200.
4840
Calculate the highest common divisor of 32984 and 47831.
7
What is the greatest common factor of 20675 and 644425?
25
Calculate the highest common divisor of 3725 and 1280357.
149
Calculate the greatest common divisor of 1399043 and 697.
41
Calculate the highest common divisor of 1924597 and 710.
71
Calculate the highest common factor of 3319023 and 73929.
3891
Calculate the highest common factor of 189 and 4765173.
21
What is the highest common factor of 110777508 and 102?
102
Calculate the highest common divisor of 784652 and 119020.
44
Calculate the highest common factor of 1946 and 9362762.
278
Calculate the highest common divisor of 2376 and 15369108.
12
What is the highest common factor of 3476704 and 18802?
238
What is the highest common divisor of 33337323 and 102?
51
What is the greatest common divisor of 256 and 5445928?
8
What is the highest common factor of 1192405 and 80?
5
Calculate the greatest common divisor of 552420 and 1760.
220
Calculate the greatest common factor of 1888 and 59306.
2
What is the highest common divisor of 34 and 228939?
17
What is the greatest common factor of 70 and 14847230?
10
Calculate the greatest common divisor of 30518906 and 22231.
473
What is the highest common divisor of 1525 and 338050?
25
Calculate the highest common factor of 286211306 and 2.
2
What is the highest common divisor of 409514 and 112?
14
What is the highest common factor of 32248 and 8016?
8
Calculate the highest common factor of 157386175 and 146.
73
Calculate the highest common factor of 69056158 and 2.
2
What is the greatest common divisor of 277713 and 7055793?
4707
Calculate the highest common factor of 521508200 and 3800.
3800
What is the greatest common divisor of 826 and 1061564?
14
Calculate the highest common factor of 1329 and 160198103.
443
Calculate the highest common divisor of 56741191 and 27807.
403
Calculate the greatest common divisor of 1428 and 121268.
28
Calculate the greatest common divisor of 631441 and 492.
41
What is the greatest common factor of 5 and 16478015?
5
What is the highest common divisor of 2139390099 and 154?
77
Calculate the highest common divisor of 1169 and 136367.
7
Calculate the greatest common divisor of 2239912265 and 170.
85
What is the greatest common divisor of 9962 and 76262?
34
Calculate the highest common factor of 1773 and 43367580.
1773
What is the highest common divisor of 2 and 157342159?
1
What is the greatest common factor of 115041 and 3441?
93
Calculate the greatest common factor of 608869338 and 968.
242
What is the highest common divisor of 286 and 5532494?
22
Calculate the greatest common divisor of 13708913 and 43710.
1457
Calculate the greatest common factor of 98451215 and 7430.
3715
What is the greatest common factor of 2844602 and 174926?
1174
What is the highest common factor of 23001 and 975106?
11
What is the highest common divisor of 1083994 and 72991?
1553
What is the highest common factor of 200506 and 754?
58
What is the highest common divisor of 12243500 and 30550?
2350
Calculate the highest common divisor of 1265 and 743843.
23
Calculate the highest common divisor of 295939 and 14003.
67
What is the greatest common divisor of 190 and 328626470?
190
What is the greatest common factor of 56884943 and 536?
67
Calculate the greatest common factor of 28 and 31496764.
4
Calculate the greatest common factor of 22089907 and 189.
7
Calculate the highest common factor of 494 and 178698078.
494
What is the greatest common divisor of 10616658 and 13?
13
Calculate the greatest common divisor of 7839 and 44262.
9
Calculate the greatest common divisor of 4416 and 9232384.
1472
What is the greatest common factor of 935969 and 17?
17
What is the greatest common divisor of 7535 and 91869734?
1507
Calculate the highest common factor of 3047772 and 28756.
364
Calculate the greatest common factor of 1152096 and 155936.
352
Calculate the greatest common divisor of 186767722 and 2372.
1186
What is the greatest common factor of 4902 and 101566172?
1634
What is the greatest common divisor of 317599818 and 17121?
1317
Calculate the greatest common factor of 153507842 and 23.
23
What is the highest common factor of 121 and 24389827?
11
Calculate the highest common divisor of 35472 and 8108308.
2956
Calculate the greatest common factor of 7198 and 37696963.
61
What is the greatest common divisor of 47992 and 152272?
8
Calculate the highest common factor of 160 and 142234770.
10
What is the highest common factor of 13393 and 317119?
227
Calculate the greatest common divisor of 4615725 and 675.
75
What is the greatest common factor of 6195380 and 230?
10
Calculate the greatest common factor of 995408 and 6928.
16
What is the highest common factor of 746524 and 84727?
193
What is the greatest common divisor of 279 and 5363217?
279
What is the highest common divisor of 1566105 and 55?
5
What is the highest common factor of 118284234 and 3021?
3021
What is the greatest common factor of 44128639 and 13283?
359
What is the highest common divisor of 3562 and 10426?
26
Calculate the greatest common divisor of 7491537 and 1035.
207
Calculate the highest common factor of 200 and 303164000.
200
Calculate the greatest common factor of 2644 and 168109486.
1322
Calculate the greatest common divisor of 4158 and 97335.
189
What is the greatest common factor of 118166000 and 290?
10
Calculate the highest common divisor of 583 and 3148794.
11
Calculate the greatest common divisor of 30877518 and 38178.
4242
What is the greatest common factor of 2532750 and 462?
66
What is the highest common factor of 995315 and 155?
5
Calculate the highest common factor of 65883818 and 2002.
2002
What is the highest common divisor of 8 and 45320320?
8
Calculate the greatest common factor of 25101195 and 4575.
915
Calculate the greatest common divisor of 246766 and 1742.
26
Calculate the highest common